2, 5, 62053
List the prime factors of 58969.
109, 541
List the prime factors of 7669413.
3, 47, 18131
List the prime factors of 6895692.
2, 3, 21283
What are the prime factors of 2409908?
2, 602477
List the prime factors of 7456511.
7456511
List the prime factors of 966172.
2, 241543
What are the prime factors of 33750?
2, 3, 5
List the prime factors of 12953051.
12953051
What are the prime factors of 1496700?
2, 3, 5, 1663
List the prime factors of 397924.
2, 53, 1877
List the prime factors of 23348.
2, 13, 449
What are the prime factors of 3535633?
109, 163, 199
List the prime factors of 1624397.
53, 30649
What are the prime factors of 394752?
2, 3, 257
What are the prime factors of 5200881?
3, 7, 167, 1483
What are the prime factors of 847756?
2, 7, 13, 17, 137
List the prime factors of 2267269.
751, 3019
List the prime factors of 2066553.
3, 31, 823
What are the prime factors of 1354568?
2, 169321
List the prime factors of 4164602.
2, 13, 31, 5167
What are the prime factors of 24740?
2, 5, 1237
List the prime factors of 579771.
3, 109, 197
List the prime factors of 37189.
37189
List the prime factors of 7927888.
2, 641, 773
What are the prime factors of 26505603?
3, 47, 20887
What are the prime factors of 24815760?
2, 3, 5, 103399
What are the prime factors of 17414159?
7, 277, 1283
What are the prime factors of 822435?
3, 5, 54829
What are the prime factors of 10723475?
5, 7, 29, 2113
List the prime factors of 10023617.
2729, 3673
List the prime factors of 1223314.
2, 611657
What are the prime factors of 973938?
2, 3, 7, 23189
What are the prime factors of 824214?
2, 3, 137369
List the prime factors of 39704.
2, 7, 709
What are the prime factors of 228651?
3, 199, 383
List the prime factors of 390728.
2, 13, 17
List the prime factors of 10492371.
3, 1165819
What are the prime factors of 65593?
11, 67, 89
What are the prime factors of 556108?
2, 7, 19861
List the prime factors of 110931.
3, 103, 359
What are the prime factors of 1531249?
137, 11177
What are the prime factors of 8152846?
2, 13, 313571
What are the prime factors of 777206?
2, 17, 22859
What are the prime factors of 23953405?
5, 7, 13967
What are the prime factors of 930385?
5, 73, 2549
List the prime factors of 606515.
5, 7, 13, 31, 43
List the prime factors of 1619760.
2, 3, 5, 17, 397
List the prime factors of 11290.
2, 5, 1129
What are the prime factors of 2653155?
3, 5, 6551
What are the prime factors of 313425?
3, 5, 7, 199
List the prime factors of 11171274.
2, 3, 1861879
What are the prime factors of 23736835?
5, 1051, 4517
List the prime factors of 18857837.
193, 199, 491
What are the prime factors of 7459949?
7, 353, 3019
List the prime factors of 4465602.
2, 3, 248089
What are the prime factors of 433649?
61, 7109
What are the prime factors of 167291?
173, 967
What are the prime factors of 12724358?
2, 653, 9743
List the prime factors of 1125331.
31, 1171
List the prime factors of 1272816.
2, 3, 8839
List the prime factors of 1553588.
2, 29, 59, 227
What are the prime factors of 18038499?
3, 37, 101, 1609
List the prime factors of 1174327.
7, 11, 101, 151
List the prime factors of 12542056.
2, 17, 92221
What are the prime factors of 9813481?
19, 516499
What are the prime factors of 250306?
2, 7, 19, 941
What are the prime factors of 1348171?
11, 122561
What are the prime factors of 190272?
2, 3, 991
List the prime factors of 993634.
2, 496817
List the prime factors of 1921143.
3, 7, 1867
What are the prime factors of 31031375?
5, 17, 859
List the prime factors of 229937.
229937
What are the prime factors of 147566?
2, 73783
What are the prime factors of 17173927?
17, 631, 1601
What are the prime factors of 2493711?
3, 11, 25189
List the prime factors of 3196534.
2, 11, 31, 43, 109
List the prime factors of 3075468.
2, 3, 11, 23, 1013
List the prime factors of 4204585.
5, 7, 11, 67, 163
What are the prime factors of 18762646?
2, 7, 373, 3593
List the prime factors of 25073131.
311, 80621
What are the prime factors of 20729609?
2633, 7873
List the prime factors of 630770.
2, 5, 7, 9011
What are the prime factors of 360129?
3, 7, 11, 1559
What are the prime factors of 477261?
3, 19, 2791
List the prime factors of 268373.
7, 5477
List the prime factors of 259958.
2, 19, 6841
List the prime factors of 547364.
2, 136841
What are the prime factors of 10801219?
11, 13, 75533
List the prime factors of 199842.
2, 3, 19, 1753
List the prime factors of 415541.
7, 23, 29, 89
What are the prime factors of 848934?
2, 3, 79, 199
List the prime factors of 30812079.
3, 10270693
List the prime factors of 6693954.
2, 3, 17, 29, 31, 73
What are the prime factors of 7267936?
2, 13, 17471
List the prime factors of 2728313.
7, 17, 101, 227
What are the prime factors of 8052919?
7, 1150417
List the prime factors of 378364.
2, 7, 13513
List the prime factors of 15593575.
5, 623743
List the prime factors of 64197.
3, 7, 1019
List the prime factors of 252457.
252457
What are the prime factors of 2156550?
2, 3, 5, 11, 1307
What are the prime factors of 1704196?
2, 13, 2521
What are the prime factors of 519927?
3, 173309
What are the prime factors of 66126?
2, 3, 103, 107
What are the prime factors of 218466?
2, 3, 53, 229
List the prime factors of 883873.
797, 1109
List the prime factors of 4499272.
2, 562409
What are the prime factors of 859610?
2, 5, 67, 1283
List the prime factors of 1690460.
2, 5, 84523
List the prime factors of 14583364.
2, 43, 84787
What are the prime factors of 701597?
13, 29, 1861
What are the prime factors of 10501488?
2, 3, 37, 73
What are the prime factors of 29075421?
3, 9691807
List the prime factors of 62033.
17, 41, 89
What are the prime factors of 4508772?
2, 3, 73, 5147
List the prime factors of 2898847.
7, 59, 7019
What are the prime factors of 5911104?
2, 3, 17, 1811
What are the prime factors of 20223843?
3, 59, 114259
List the prime factors of 18926.
2, 9463
What are the prime factors of 9067297?
59, 313, 491
What are the prime factors of 461943?
3, 1901
What are the prime factors of 2243485?
5, 448697
List the prime factors of 29006095.
5, 107, 54217
What are the prime factors of 117752?
2, 41, 359
List the prime factors of 774434.
2, 59, 6563
List the prime factors of 2824098.
2, 3, 131, 3593
List the prime factors of 140011.
19, 7369
List the prime factors of 452712.
2, 3, 13, 1451
List the prime factors of 12900713.
7, 191, 9649
List the prime factors of 2568193.
397, 6469
What are the prime factors of 209801?
209801
What are the prime factors of 267269?
241, 1109
List the prime factors of 1440.
2, 3, 5
What are the prime factors of 9107689?
9107689
List the prime factors of 2742740.
2, 5, 7, 11, 13, 137
What are the prime factors of 11731164?
2, 3, 67, 14591
What are the prime factors of 236223?
3, 13, 673
What are the prime factors of 10848156?
2, 3, 11, 82183
List the prime factors of 80341.
80341
What are the prime factors of 24847856?
2, 11, 141181
List the prime factors of 9296720.
2, 5, 79, 1471
What are the prime factors of 17208887?
17208887
What are the prime factors of 282001?
282001
List the prime factors of 405059.
17, 23827
List the prime factors of 1538311.
1538311
List the prime factors of 118335.
3, 5, 7, 23
List the prime factors of 3053349.
3, 13, 8699
What are the prime factors of 2272113?
3, 252457
What are the prime factors of 4775383?
4775383
List the prime factors of 3968522.
2, 1984261
What are the prime factors of 45799?
13, 271
List the prime factors of 28509699.
3, 421, 22573
List the prime factors of 1538500.
2, 5, 17, 181
List the prime factors of 1758533.
7, 251219
What are the prime factors of 93876?
2, 3, 7823
What are the prime factors of 405790?
2, 5, 7, 11, 17, 31
List the prime factors of 162349.
11, 14759
What are the prime factors of 3971840?
2, 5, 29, 107
List the prime factors of 941295.
3, 5, 62753
List the prime factors of 403777.
11, 47, 71
List the prime factors of 15400180.
2, 5, 31, 59, 421
List the prime factors of 7972610.
2, 5, 47, 16963
List the prime factors of 36078.
2, 3, 7, 859
List the prime factors of 716942.
2, 358471
List the prime factors of 9917237.
11, 901567
List the prime factors of 62712.
2, 3, 13, 67
What are the prime factors of 281815?
5, 157, 359
List the prime factors of 3070973